2 + 3*d + d**3. Suppose -13*u + 62 = 10. Calculate a(u).
0
Let r(a) = a**2 - 2*a. Let p = -7 + 11. Determine r(p).
8
Suppose 0 = -3*y + y + 6. Let f(i) be the second derivative of i**4/12 - 4*i**3/3 + 2*i**2 + 2*i. Give f(y).
-11
Let h(o) = o**3 - 2 + 1 - 7*o**2 + 4. Give h(7).
3
Let v be -2*(-3)/(-9)*-36. Let x = 20 - v. Let s(j) = j**2 + 4*j + 3. What is s(x)?
3
Let z(j) = -j - 2. Let a(s) be the third derivative of s**5/15 + s**4/12 + s**3/6 + 2*s**2. Let l be a(-1). Suppose p + 2 = l*d - 10, p + 4 = d. Determine z(p).
-2
Let m = -6 - -4. Let i(c) be the first derivative of c**4/4 + 4*c**3/3 + 2. Calculate i(m).
8
Suppose 15 = i - 4*p, -16 = -4*p + 8*p. Let u(j) be the first derivative of j + 4/3*j**3 + 0*j**2 - 1. Determine u(i).
5
Let n(q) = -37*q**2 - 29*q**2 - 2 - 2*q + 67*q**2. Determine n(-3).
13
Let x(v) = v + 1. Suppose 0 = -3*t + 1 + 5. Let c be (-3)/(t - 12/8). Give x(c).
-5
Let z be (-1 - 0)/(5/(-50)). Suppose -5*n = -0*n - z. Let w(v) be the second derivative of v**3/6 - 2*v**2 - 5*v. Determine w(n).
-2
Suppose 3*i = -y - 7, 4 + 5 = -3*i. Let z = -1 - y. Let w(j) = -2*j - 4. Give w(z).
2
Let j(s) be the third derivative of s**5/60 - s**4/8 - s**3/3 - 3*s**2. Let n(b) be the first derivative of j(b). Calculate n(5).
7
Let p(w) = -16*w**3 + 2*w - 1. Suppose 5*n + 19 = -a, 0 = 5*a + n - 1. What is p(a)?
-15
Let c(a) = -a**3 + 4*a - 3. Let f(s) = -s**3 + 6*s**2 - s + 8. Let h be f(6). Determine c(h).
-3
Let x(l) be the first derivative of -1/2*l**2 + 1 + 7/3*l**3 + 0*l. What is x(1)?
6
Let p(y) = y**2 + 5*y + 2. Let l = -65 + 59. Determine p(l).
8
Suppose 5*g + 0*g = 10. Let z(d) = -2*d**2 + 3*d - 1. Let u be z(g). Let y(r) = -r**2 - 3*r - 1. What is y(u)?
-1
Let b(k) = k**3 - 11*k**2 + 8*k + 1. Let m(r) = -r**3 + 12*r**2 - 9*r - 2. Let z(u) = -5*b(u) - 4*m(u). Determine z(6).
15
Let c(b) = -4*b - 1. Let g(k) = -4*k - 1. Suppose 0 = 4*m + a + 15, 4*m + 11 = -3*a - 2*a. Let d(f) = m*c(f) + 3*g(f). What is d(1)?
5
Let q(g) = g - 5. Let d be q(10). Let v(o) = -o**3 + 4*o**2 + 5*o + 7. What is v(d)?
7
Let h(n) be the first derivative of -n**4/12 + n**3/2 + n**2/2 + 1. Let d(m) be the second derivative of h(m). Give d(3).
-3
Let q(x) be the first derivative of 4 + 4*x - 1/2*x**2. What is q(4)?
0
Suppose 4*y = 2*r + 10, -4*y + 3 = 3*r + 2*r. Let f(a) = a**2 + a. Determine f(r).
0
Suppose -3*f = 3*s - 9, 8 = 4*s - 2*f + 2. Let j be 6 + (-1 - 1) + s. Let k(t) = t**2 - 5*t - 5. Calculate k(j).
1
Let o = 5 + -5. Suppose 5*l + 5 + 7 = 3*k, -l + 4 = k. Suppose w - 4 + l = o. Let s(i) = 3*i - 6. Calculate s(w).
6
Suppose 0 = -5*v - 3*j - 24, v + j = 6*v + 32. Let t be (-12)/(-18) + 112/v. Let k be (1/3)/((-2)/t). Let b(a) = a - 2. What is b(k)?
1
Suppose 0 = 19*d - 21*d + 10. Let i(m) = -m**2 + 4*m + 3. Give i(d).
-2
Let i(d) be the first derivative of -d**3/3 + d**2 + 6*d + 1. Give i(5).
-9
Suppose 3*g = 386 + 163. Suppose -23 = 4*w - g. Suppose 0 = -2*d + t - 11, 3*d - 5*t + w = -2*d. Let v(z) = -z**2 - 3*z - 1. Calculate v(d).
-1
Let a(s) = -s. Let l(r) = r**2 + 8*r + 5. Suppose -b = 4*u + 1, 15 + 7 = -3*u - 5*b. Let d = u - 9. Let k be l(d). Give a(k).
-5
Suppose -10 = 2*z + 3*z. Let v = z + 4. Let k(b) = -2*b**3 + b**3 - 5*b**v + 0*b**2 - 4 - 5*b. What is k(-4)?
0
Let b be (-6 - 11/(-2)) + 10/(-4). Let u(f) be the second derivative of -f**3/6 - 3*f**2/2 - f. Calculate u(b).
0
Suppose 0 = -3*j + 3*i - 6, -2*i + 8 = -0*i. Let k(r) = 5 - r**j + 7*r - 15*r - 3. What is k(-8)?
2
Let u(s) be the second derivative of s**6/720 + s**5/20 - s**4/3 - 2*s. Let z(c) be the third derivative of u(c). Let w be 2/(-8)*-2*0. What is z(w)?
6
Let b(d) be the first derivative of d**7/840 - d**6/60 + d**5/24 + d**4/6 + 5*d**3/3 + 3. Let t(y) be the third derivative of b(y). What is t(4)?
-8
Let o(a) = -2*a**2 - 5*a - 5. Let x(d) = -3*d**2 - 5*d - 6. Let u(h) = -4*o(h) + 3*x(h). What is u(5)?
2
Let r(l) be the third derivative of 1/60*l**5 + 0*l + 1/6*l**3 + l**2 - 1/12*l**4 + 0. Calculate r(3).
4
Let d = -1 + -5. Let z(f) be the first derivative of f**3/3 + 2*f**2 - 7*f + 22. What is z(d)?
5
Suppose -6*l - 21*l = 216. Let j(h) = -h - 4. Calculate j(l).
4
Let n(o) = -6*o + 25*o**2 + 7 - 26*o**2 + 12*o. Determine n(6).
7
Let y(c) = 8*c**2 - 7*c - 3. Let i(v) = -23*v**2 + 20*v + 9. Let z(l) = -6*i(l) - 17*y(l). Give z(3).
12
Suppose -5*b + 3 = -4*b. Let q(o) = -2*o**2 + 3*o + 4. Give q(b).
-5
Let z(p) = 6 - p**2 + 5 - 4. Let x be (0 - -4) + -1 + -3. What is z(x)?
7
Let n(k) = k. Let l be n(-2). Let z = l + 4. Let b(j) = -7*j + 0*j**2 + 2 + j**z + j. Give b(4).
-6
Let c(j) = j**2 + j. Let d(w) = -5*w**2 - 12*w + 1. Let l(q) = 6*c(q) + d(q). Let b be (-189)/(-6) + 1/2. Let a be b/6 + (-2)/(-3). Calculate l(a).
1
Let k(u) be the second derivative of -u**4/12 + u**3 - 2*u**2 - 4*u. Determine k(5).
1
Suppose 2*x = 3 - 1, 2*w - 1 = -x. Suppose w = -3*f - 3*b - 9, 5*f + 4*b = 6*b - 8. Let s(d) = d**2. Determine s(f).
4
Suppose -5*n + 5*y - 7 = -57, -2*n + 25 = -3*y. Let o(h) be the second derivative of h**4/12 - 5*h**3/6 - h**2 - h. Calculate o(n).
-2
Let v(g) = g + 13. Let c be v(-7). Let l = c + 0. Let u(x) = -x + 8. What is u(l)?
2
Let z(h) = -14*h + 1. Let b(u) = u + 17. Let o be b(-13). Suppose 0 = -l + 3*n + o, -n = 4*l + 3*n. Determine z(l).
-13
Let g(l) = -3*l + 1. Suppose -4*s - 1 = 3*j, 0*s - 2*s + 5*j + 19 = 0. What is g(s)?
-5
Suppose -j = -3, 3*x - 30 = -0*x - 2*j. Let s = 8 + 0. Let i(v) = 4*v**2 + x - s. Calculate i(-1).
4
Let z(v) = -v**2 - 3. Suppose -2*i = 1 - 7. Let f = i + -2. Let j = f + -1. Determine z(j).
-3
Let o(a) = 5*a + 1. Let i(h) be the first derivative of -11*h**2/2 - h + 1. Let q(s) = -3*i(s) - 7*o(s). Give q(-5).
6
Suppose 3*r + 20 = 4*c, -3*c + c - 5*r = 16. Let u be -9 - -6 - (-13 - -1). Let y(h) = -5*h**2 - h - 1 - u*h**2 + 15*h**2. Determine y(c).
1
Let m(w) be the third derivative of -1/24*w**4 + 0*w - 3*w**2 + 0 - 1/120*w**5 - 1/2*w**3. Let u(r) be the first derivative of m(r). Give u(-4).
3
Let h(b) = 5*b**3 + b**2 - 10*b + 1. Let m(n) = 11*n**3 + 3*n**2 - 21*n + 2. Let q(s) = -9*h(s) + 4*m(s). Calculate q(4).
7
Let r(k) = k**2 + 9. Suppose 5*x - f = 2, -f + 0 = 2. Determine r(x).
9
Let u(r) = 68*r**2 - 67*r**2 - 2 - 14*r**3 + 3 - r. Calculate u(1).
-13
Let u(x) = -x**3 - x**2 + 1. Let t(p) = p**3 + 5*p**2 + 4*p + 1. Let q(w) = -t(w) - 2*u(w). What is q(4)?
-3
Let l(r) = 27*r**2 + 3*r + 1 - 26*r**2 - 4*r**3 + 6*r. Let s(i) = 3*i**3 - 8*i - 1. Let v(h) = 4*l(h) + 5*s(h). Calculate v(3).
-4
Let s(a) = -5*a. Let d(k) = -5*k. Let g(l) = l**3 - 6*l**2 - 7*l + 3. Let z be g(7). Let q(u) = z*d(u) - 2*s(u). What is q(1)?
-5
Let o(s) = -s - 2. Let i be o(-6). Suppose i*r + x = -27, 4*x = -6 - 6. Let n(u) = -u**2 - 7*u - 7. Determine n(r).
-1
Suppose 8 = 2*q - 0. Let k(i) = -5*i - 3 - 3 + q - i**2. Suppose 3*z + z = -20. Give k(z).
-2
Let j(b) be the third derivative of 3*b**2 + 1/24*b**4 + 0*b**3 - 1/120*b**5 - 1/180*b**6 + 0*b + 0. Let q(r) be the second derivative of j(r). Determine q(-2).
7
Suppose g = 6*g + 10. Let q be -2*g/12*-3. Let v(n) = -6*n. Calculate v(q).
6
Let x(d) = 5*d**3 - 3*d**2 + 3*d + 8. Let k(j) = j**3 - j**2 + j + 1. Let r(i) = -6*k(i) + x(i). Calculate r(2).
0
Let j(u) = -u**3 + 5*u**2 - u - 2. Let g be 3/((-3)/(-1))*87. Let r be 2/(-10) + g/(-15). Let m be 3/((-3)/2) - r. Determine j(m).
10
Let z(l) = -l**2 - 10*l - 7. Let m be z(-9). Let n(r) = -m + 0*r - 3*r + r. Let u be (-2 - -5) + -3 + 2. Calculate n(u).
-6
Let o(f) be the third derivative of -f**6/120 + f**5/15 + f**4/4 - f**3/6 + f**2. Suppose 0 = 3*y + d + 4*d + 29, 3*y - d = -59. Let n = y + 23. Give o(n).
4
Let q = -11 + 12. Let m(s) be the third derivative of -s**5/10 - s**4/24 + s**3/6 + s**2. Determine m(q).
-6
Let p(r) = 0*r + r + 1 + 1. Let s = 58 + -106. Let o be 4/6 - s/(-18). Calculate p(o).
0
Let i(p) = p**3 - 12*p**2 - 14*p + 9. Let k be i(13). Let q(a) = a**3 + 4*a**2 - a + 1. What is q(k)?
5
Let j(x) = x**3 - 5*x**2 + 3*x + 3. Let k be ((3 - 2) + -1)/1. Suppose k = g - 4*g + 9. Give j(g).
-6
Suppose -a = -2*x + x + 5, -4*a - 5 = -x. Let p = x + -3. Let i(l) = l**3 - 2*l**3 + 0*l - l + 0*l - l**p. What is i(-2)?
6
Let m = 13 + -11. Let p(y) be the second derivative of 1/3*y**3 + 3*y**m - y + 0. Calculate p(-4).
-2
Let l(v) = -v - 3. Let s = -